t is the thousands digit of i(15)?
2
Suppose -27*a - 1546713 - 1033787 = -79*a. What is the thousands digit of a?
9
Suppose -53608658 = 456*f - 1336*f - 10895218. What is the ten thousands digit of f?
4
Let z = -1 - -21. What is the units digit of (-2477)/(-4) + (-5)/z?
9
What is the units digit of (11527 - (-1 + -4)) + (-6 - -2)?
8
Let u = 2358 - -52. Suppose -5*x + 5*b + 0*b + u = 0, 4*b - 462 = -x. Suppose -x = -4*w + 218. What is the hundreds digit of w?
1
Let m(u) = u**2 - 6*u + 18. Let x be m(12). Let a = x - 79. Suppose -3*k - 5*t + a = 0, 0 = -0*k - k - 5*t - 13. What is the units digit of k?
2
Suppose 2*p + 3*p + 55 = 0. Let f(i) = i**3 + 12*i**2 + 7*i + 3. Let o be f(p). Suppose -19 = r - o. What is the tens digit of r?
2
Let p(r) = -563*r + 19. Let v be -13 - -7 - (-4 - 1). What is the hundreds digit of p(v)?
5
Let a be (1 + 7/(-4))/(57/(-1596)). Suppose -a*b = -13555 + 4294. What is the units digit of b?
1
Suppose -17*u + 19*u + 170 = 0. Let h = u + 725. What is the units digit of h?
0
Let w = 276 - 273. What is the units digit of (-82861)/(-172) - w/4?
1
Let r be -10 + (-1 - -1)/2. Let w(v) = 5036*v - 10082*v - 18 + 2*v**3 - 10*v**2 + 5038*v - 3*v**3. What is the units digit of w(r)?
2
Suppose 21*w = 71511 + 19146. What is the thousands digit of w?
4
Let r(o) = o**3 - 17*o**2 + 10*o + 16. Let m(t) = t**3 - 15*t**2 + 11*t + 16. Let c(z) = 5*m(z) - 4*r(z). What is the units digit of c(10)?
6
Suppose -8*j - 42 = -5*j. Let h(m) = -m**2 + 21*m + 27. Let v(s) = -s**2 + s. Let y(l) = -h(l) + 2*v(l). What is the units digit of y(j)?
3
Let b be 696/(-377) - (-2)/(-13). What is the units digit of -25 + 22 + (-736)/b?
5
Let c(a) = -a**2 + 7*a + 41. Let x be c(9). Let q(y) = 2*y**2 - 26*y - 49. What is the units digit of q(x)?
1
Suppose -108 - 46 = -q. Let b = 1146 - q. What is the tens digit of b?
9
Let q(f) = -f**3 - 12*f**2 + 5*f + 6. Let z be 2/((-12)/55) + (-1)/(-6). Let x be q(z). What is the units digit of (x/12)/((-2)/12)?
1
Let l = 132 + -128. Suppose 0 = 2*x, l*x + 3936 = 5*v + 226. What is the tens digit of v?
4
Suppose -3*h = 2*u - 20529 + 6361, -5*h - 4*u = -23610. What is the hundreds digit of h?
7
Let c be (((-4180)/15)/(-11))/(2/6). Let a be ((-12)/10)/(-4 - c/(-20)). Let x(p) = -p**2 + 8*p - 10. What is the units digit of x(a)?
2
Let r be (2 - -7)*122/6. Let x(u) = 41*u + 782. Let s be x(-19). Suppose -r = -s*v + 537. What is the hundreds digit of v?
2
Suppose 0 = 3*w - 5*s - 32358, -3*s - 32352 = 66*w - 69*w. What is the tens digit of w?
8
Suppose -2*m - 3*m + 273 = 3*j, -3*m = 0. Let l(c) = -c**3 + 14*c**2 + 10*c + 97. Let r be l(15). Let i = j - r. What is the tens digit of i?
6
Suppose 17*p = -12*p + 8*p + 523047. What is the ten thousands digit of p?
2
Let a(n) = -n**2 - 44*n + 359. Let k be a(-51). Let j = 40 - -11. Suppose -q = -k*p + j, 2*q = p - q - 18. What is the units digit of p?
7
Suppose -2*m + 5304 = m. Suppose -s + 1765 = 7*k - 3*k, -4*k = 4*s - m. Suppose -3*c = -4*w + 8*w - k, 0 = 4*w - 3*c - 447. What is the units digit of w?
1
Let r(g) be the second derivative of g**5/5 + g**4/6 - 7*g**3/3 - 3*g**2 + 8*g - 6. What is the hundreds digit of r(4)?
2
Let o = -5775 + 18833. What is the ten thousands digit of o?
1
Let j = 402 + -425. Let x(l) = l**3 + 23*l**2 - 54*l + 43. What is the thousands digit of x(j)?
1
Let b = 1472 - -1901. What is the units digit of b?
3
Suppose -3*b = -4*b + 2*s + 1, 20 = 5*b + 5*s. Suppose -9*q + 2142 = -b*q. What is the hundreds digit of q?
3
Suppose 5*b - 10 = -f, 9*f - 4 = -2*b + 6*f. What is the hundreds digit of (b/(-5))/((-1)/1490)?
5
Let x(i) = -12 - 1020*i + 1024*i + 36. Let o be x(-6). Suppose o = 2*u + 23 - 177. What is the units digit of u?
7
Let p = -32079 - -66101. What is the hundreds digit of p?
0
Let n = 12023 + -4130. What is the hundreds digit of n?
8
Suppose 0 = -8*i + 207 + 113. Suppose -5*z = -i - 5. Suppose 255 = 14*u - z*u. What is the units digit of u?
1
Let n be (5/(-5) - -3550) + 1. Suppose -3*t = -2*p + 1400, -5*p = 65*t - 60*t - n. What is the units digit of p?
6
Let u be 491 + 4/(-16)*0. Let m = u - 228. What is the tens digit of m?
6
Suppose -913 = -13*o - 16. What is the tens digit of -4*(o/(-12) - -1)?
1
Let c(a) = 2*a**3 - 17*a**2 + 110*a - 28. What is the units digit of c(20)?
2
Let k = -18 + 11. Let z(a) = a**3 + 10*a**2 + 13*a + 22. What is the units digit of z(k)?
8
Let m be ((-4)/6)/((-30)/585). What is the hundreds digit of (28/4 - m) + 308?
3
Let n be 2654/2 + 6*10/60. Suppose -w - 5*g = -1256, -w - 3*g + n - 82 = 0. What is the tens digit of w?
3
Let m(k) = -k**2 + 18*k - 68. Let b be m(13). Let q(o) = -8*o**3 + 3*o**2 - 3*o - 6. What is the tens digit of q(b)?
4
Let x be -7 - 594/6*6. Let u = -403 - x. What is the tens digit of u?
9
Let h(b) be the first derivative of -b**4/2 - 28*b**3/3 - 10*b**2 + 3. Let c(u) be the second derivative of h(u). What is the units digit of c(-7)?
8
Suppose 5*i - 6897 = 15383. What is the hundreds digit of i?
4
Let j be 3*(-30)/(-18) - 56. Let c = j - -55. What is the units digit of (690/3 - 0) + c?
4
Suppose 3123 = -2*x + 5*x. Suppose -16*l - x = -13*l. Let b = -201 - l. What is the tens digit of b?
4
Let h(q) = -q**3 - 3*q. Let b be h(-2). Let s(d) = d**3 - 14*d**2 + 22*d - 26. Let m be s(b). Let j = -175 + m. What is the units digit of j?
7
Suppose 0 = 2*n - 5*i - 313, 11*n + 5*i = 12*n - 154. Let r = 483 - n. What is the hundreds digit of r?
3
Let k = 605 + -251. Suppose 1575 = 5*x - 5*v, -k = -2*x + 3*v + 281. What is the hundreds digit of x?
3
Let d(y) = 100*y - 994. What is the units digit of d(10)?
6
Let m be (-4)/6 - -20*(-2)/12. Let n be 0/(m + 7 + -4). Suppose 4*z - 456 = -3*k, -2*z + n*k + 228 = -k. What is the units digit of z?
4
Let j(q) = 4*q - 12. Let l be j(2). Let d(m) = -4*m**3 + 2*m**2 + 5*m - 9. Let y be d(l). Let u = y - -31. What is the units digit of u?
0
What is the hundreds digit of 5286/7*(-7)/5*(-2320)/348?
0
Let p be (-69)/(-15) + -1*4/(-10). Suppose n + p*o - 10 = 5*n, -o = -n - 3. Let a(f) = -25*f - 14. What is the hundreds digit of a(n)?
1
Suppose -i - 3*z = -73992, 41*i + z + 369944 = 46*i. What is the thousands digit of i?
3
Let y = -673 - -676. Suppose 4*l + 4375 = y*d, -l = -4*d + 1613 + 4242. What is the units digit of d?
5
Let z = 234 - -8680. What is the hundreds digit of z?
9
Let m be (-5373)/(-2)*4/6. Suppose 5*d + 2*g - m = 1617, 3*d + 5*g - 2060 = 0. What is the hundreds digit of d?
6
Let t = -29 - -33. Suppose -18*a + 5*y + 274 = -17*a, 20 = -t*y. What is the hundreds digit of a?
2
Suppose 0 = 33*z - 28*z - 90. Suppose -z*x + 8 = -16*x. Suppose -2*r + 32 = x*c - 4*r, 3*c + 3*r = 42. What is the units digit of c?
0
Let c(w) = -26*w - 13*w + 60 + 19*w - 17*w. Let o = -110 - -105. What is the tens digit of c(o)?
4
Let c be (24/(-9) - 0)/(4/486). What is the units digit of (6 - (5 + c)) + -4?
1
Let i = 101 + 5168. What is the units digit of i?
9
What is the hundreds digit of 9/99 - 18*(-447)/66?
1
Let g(u) = u**2 - 38*u + 36. Let i be g(28). Let z = 397 - i. What is the units digit of z?
1
Suppose d + 203 = -39. Let w = d - -323. What is the units digit of w?
1
Let k(v) = 2780*v**3 - 3*v**2 + 65*v - 158. What is the tens digit of k(3)?
7
Suppose -5*p - 5*k + 130 = 0, 4*p - 33 - 57 = 3*k. Suppose 3498 = -18*l + p*l. What is the units digit of l?
3
Suppose 0 = 4*o - 11*t + 12*t - 22534, -o + 5*t + 5644 = 0. What is the thousands digit of o?
5
Let v(p) = 10*p**2 + 6*p + 617. What is the hundreds digit of v(30)?
7
Let t(s) = -136 - 3*s**3 + 118 - 4*s**2 - 3*s + 36*s. What is the hundreds digit of t(-8)?
9
Suppose -46*d + 24350 + 6601 = -9989. What is the units digit of d?
0
Let j(q) = -6 + 34*q + 1 - 27. What is the hundreds digit of j(11)?
3
Suppose 0*s + 465 = 5*s. Let h be (-1246)/(-210) - 7/(-105). Suppose 0 = -h*a + s + 3. What is the units digit of a?
6
Let b = 3547 + -2424. What is the units digit of b?
3
Let h = -16739 + 31100. What is the units digit of h?
1
Let d(j) = -2*j + 12. Let m be d(3). Suppose -4*v + 920 = 2*z, 3*v - 3*z - 687 = -m*z. What is the units digit of (-1)/(-4) - v/(-4)?
8
Let m = -1307 - -2929. What is the tens digit of m?
2
Let l(g) = -7*g - 14. Let h be l(-2). Suppose y = 4*z + 666, h*y - 1332 = -2*y - 4*z. What is the tens digit of y?
6
Supp